t are the prime factors of k?
2
Let g = -487 + 323. Suppose -m = -6*m - 5*r + 125, 5*m - r - 119 = 0. Let h = m - g. List the prime factors of h.
2, 47
Let k be -7*1*(6 + 72/(-14)). What are the prime factors of (-30)/(-5)*4/k - -94?
2, 3, 5
Suppose 0 = -14*b + 2056 + 3586. Suppose b = -4*m + 1503. Let s = m + -156. What are the prime factors of s?
7, 17
Let o(t) be the first derivative of -t**3/3 + t**2/2 - 5*t - 6. Let n be o(0). List the prime factors of -6*(n/(-10))/(-1).
3
Let q(r) = -63*r - 15. Let j be q(-3). Suppose -3 = 3*w, -3*z - 2*w - j = -19. Let n = 98 + z. What are the prime factors of n?
47
Suppose 77 = 5*n - 3*m, -n + 9 = -2*m - 12. Suppose -n*g - 260 = -9022. What are the prime factors of g?
2, 337
Let h be (9/(-6))/(6/488). Let y = 686 + h. What are the prime factors of y?
2, 3, 47
Let q(s) = s**2 - 20. Let w be q(5). Suppose 2*g - 838 = 5*u, -w*g - 5*u - 340 + 2505 = 0. List the prime factors of g.
3, 11, 13
Let p(i) = 6*i - 57. Let w = -62 - -57. Let r(d) = -8*d + 56. Let o(t) = w*p(t) - 4*r(t). List the prime factors of o(-26).
3
List the prime factors of -5546*(-3 - (-4 - 0))*(-39)/26.
3, 47, 59
What are the prime factors of (375/(-500)*(-4)/18)/(2/8796)?
733
Suppose 5*c - 3*y - 93217 + 22938 = 0, 5*c - 70321 = -3*y. What are the prime factors of c?
2, 5, 19, 37
Let u(y) = y**3 + 31*y**2 - 15*y + 41. Let m(n) = 2*n**3 + 19*n**2 + 8*n - 40. Let t be m(-9). List the prime factors of u(t).
2, 11, 23
Suppose 13*p - 28 = 9*p. Let f(g) = 4*g**2 + 13*g + 3. What are the prime factors of f(p)?
2, 5, 29
Suppose -224 = 117*s - 133*s. List the prime factors of ((-2)/14 - (-44)/s) + 739.
2, 7, 53
What are the prime factors of 6/10*(39551 + (-30)/5)?
3, 11, 719
Let h = 386 - -12314. List the prime factors of h.
2, 5, 127
Suppose 24*r - 135*r + 3813960 = 0. What are the prime factors of r?
2, 5, 859
Suppose 5 + 23 = -k. Let b = -30 - k. List the prime factors of (b - 5)/((-8)/64).
2, 7
Suppose -4*t + 3166 = 3*n - 1971, t - 3433 = -2*n. Let r = 608 - n. List the prime factors of (r/(-22))/((-2)/(-4)).
101
Suppose 3*f - n - 651 = 0, -f + 2*n + n + 217 = 0. Let s = -92 + f. Let q = -70 + s. List the prime factors of q.
5, 11
Suppose -49662 = 355*k - 361*k. What are the prime factors of k/9 - 6 - 1/(-3)?
2, 457
Let o = 7737 + 6522. What are the prime factors of o?
3, 7, 97
Let s = 3418 + 530. Suppose -152*q + 155*q = s. What are the prime factors of q?
2, 7, 47
Let u = 86 - 70. Suppose -22*t = -u*t - 6. List the prime factors of t*2 - (-96 + (3 - -3)).
2, 23
List the prime factors of 3/(-5) + (-5)/(-15) + 1655783/255.
43, 151
Let w = 152036 - 59949. What are the prime factors of w?
71, 1297
Let p(r) = 70*r - 199. Let c be p(13). Suppose 1478 = 713*i - c*i. What are the prime factors of i?
739
Suppose 94 = 6*j + 298. List the prime factors of (-1019)/(-3) + j/(-102).
2, 5, 17
Let h(c) be the third derivative of -c**7/2520 - c**6/30 - c**5/12 + 18*c**2. Let v(t) be the third derivative of h(t). What are the prime factors of v(-16)?
2
Suppose -444428 = -218*g + 273065 + 221651. List the prime factors of g.
2, 3, 359
Let d(s) = 776*s - 407. List the prime factors of d(8).
5801
Let l = 47266 + -21626. List the prime factors of l.
2, 5, 641
Let q(k) = 736*k**2 - 163*k - 1333. List the prime factors of q(-10).
73897
Let j(f) = -f**2 + 51*f - 29. Let a be j(37). Let d = 421 + a. List the prime factors of d.
2, 5, 7, 13
Let v = 12500 - 4974. What are the prime factors of v?
2, 53, 71
Let k(a) = a**3 - 9*a**2 + 14*a - 9. Let i be k(7). Let t be (-6)/i*(7 - 1). Suppose t*v = 4*h + 816, v - h - 228 = -6*h. What are the prime factors of v?
2, 13
Suppose 3*a + 22 = 2*d, 3*d - d - a = 14. Suppose -f + 4*j = -2*f + 357, -d*j = -2*f + 740. List the prime factors of f.
5, 73
Suppose -3*f + 507 = -s + 3*s, -4*f = 2*s - 510. Suppose s*u = 239*u + 5990. What are the prime factors of u?
599
Let f(j) = -j - 14. Let x be f(-18). Suppose -2*w + 64 = 2*i - 48, 0 = x*i + 12. Suppose 0 = h - 2*k - w, -2*h + k + 61 = -h. List the prime factors of h.
3, 7
Suppose -p + 2*l - 1 = 0, -p - 4*l - 3 = 2*p. Let z(b) = -440*b**3 + b**2 + 2*b. List the prime factors of z(p).
439
Let a = -27258 + 85275. What are the prime factors of a?
3, 83, 233
Suppose 2*r - 16075 - 32539 = 0. What are the prime factors of r?
109, 223
List the prime factors of (-15954)/(-3)*(-12 - (8 + -21)).
2, 2659
Let m = 192 - -35. Suppose -1 = v, -4*a - 987 = -7*a + 3*v. Let b = a - m. List the prime factors of b.
101
Let h = -269 + 277. Suppose q - 5481 = -h*q. List the prime factors of q.
3, 7, 29
Suppose -8*i - 539 + 40587 = 0. List the prime factors of i.
2, 2503
Let b = 910 - -852. List the prime factors of b.
2, 881
Let q be (-2)/(-2)*(-2855)/(-5). Suppose 8*b - 1781 = q. What are the prime factors of b/77 - ((-27)/(-33) - 1)?
2
Suppose k + b = 6, b + 31 = 4*k - 2*b. Suppose 8*d = k*d + 2. What are the prime factors of d*1/(-2) + 0 + 21?
2, 5
Suppose -11*f + 20 = -f. Suppose f*i - 15 = 4*i - 3*x, -5 = -5*i - x. Suppose i = 4*a + 199 - 747. What are the prime factors of a?
137
Let j be -5 - (-5 - 56 - 6). Suppose -j*n - 906 = -63*n. What are the prime factors of n?
2, 3, 151
Let q(a) = -150*a + 100. Let m(y) = 450*y - 299. Let j(f) = -2*m(f) - 7*q(f). What are the prime factors of j(12)?
2, 3, 283
Let u(n) be the third derivative of 32*n**2 + 0*n + 2/3*n**4 + 0 - 20/3*n**3. What are the prime factors of u(12)?
2, 19
Suppose x = -4*c + 4, 5*c - 2 = 8*x - 10*x. Suppose -3*o = -4*f + 491 - 5368, -5*o + c*f = -8147. What are the prime factors of o?
7, 233
Suppose -2*l = -4*d + 1178, -3*d + 549 = l - 327. Suppose -22 = -9*a + d. Let y = a - -36. List the prime factors of y.
71
Let d = 328 - 328. Suppose -9*n + 8*n + 580 = d. List the prime factors of n.
2, 5, 29
List the prime factors of (-21018)/((-8)/(4 + 4)).
2, 3, 31, 113
Let r = -943 - -440. Let g = r + 744. What are the prime factors of g?
241
Let q be 19/(-76) - ((-24853)/4 + -2). Suppose -4*h = h - q. What are the prime factors of h?
11, 113
Suppose 3*i = -61 + 58. Let u = i + -44. Let r = u - -52. What are the prime factors of r?
7
Let k(u) = u**3 + u**2 - 4*u - 4. Let b be k(-2). Suppose -38*j + 36*j + 890 = b. What are the prime factors of j?
5, 89
Suppose 14*v + 56 = 7*v. Let y be (103 - 1) + v/((-8)/(-2)). Suppose p = 6*p - y. List the prime factors of p.
2, 5
Suppose 162*v - 166*v = -5*t + 24290, -9739 = -2*t - 3*v. What are the prime factors of t?
2, 11, 13, 17
Let n(z) = -79*z + 1. Let v(b) = 396*b - 6. Let t(a) = 11*n(a) + 2*v(a). Let d be t(-1). Let u = 75 + d. List the prime factors of u.
151
Let l = 10590 + -5219. What are the prime factors of l?
41, 131
Let j(h) = -21*h**3 + 8*h**2 - 5*h - 11. Suppose -5*y = 3*t + 23, 7*t = y + 5*t + 2. List the prime factors of j(y).
1481
Suppose -32*g - 14*g + 916832 = -14*g. List the prime factors of g.
7, 4093
Let s(b) be the first derivative of 9*b**2/2 - 3*b + 6. Let x be s(7). Let i = 130 - x. List the prime factors of i.
2, 5, 7
What are the prime factors of (2801/6)/((-208)/(-4992))?
2, 2801
Let k be (5 - 1)*(33/(-12) + 1). Let c(r) = 9*r**2 - 9*r + 11. List the prime factors of c(k).
5, 103
Let u(y) = 877*y + 5632. What are the prime factors of u(33)?
7, 11, 449
Suppose 3*j + 8*r - 11*r = 4071, -3*j - r + 4063 = 0. Suppose 12*l - j = 11*l - 4*i, -4*l + 5*i + 5462 = 0. What are the prime factors of l?
29, 47
Suppose 25*u - 117157 = -6*f + 20*u, -3*f - 5*u = -58576. List the prime factors of f.
3, 23, 283
Let u = 6944 + 16371. List the prime factors of u.
5, 4663
Let q(w) = 34*w - 21. Let c be q(2). Let h = 53 - 18. Let v = c - h. What are the prime factors of v?
2, 3
Suppose 136*l - 1512900 = 13*l. List the prime factors of l.
2, 3, 5, 41
Let h be ((-5494)/6 + 7)*-3. Let z = h - 1924. What are the prime factors of z?
2, 401
Let f(v) = 5*v - 6. Let m be f(-2). Let i(h) = h**2 + 10*h - 72. What are the prime factors of i(m)?
2, 3
Suppose -5*l = 3*z + 168330, 5*z = -37 + 12. What are the prime factors of (l/(-42))/(2/4)?
7, 229
What are the prime factors of 480670/30 + (-38)/(-57)?
3, 7, 109
Suppose 127*u - 63428 - 62937 = 0. What are the prime factors of u?
5, 199
Let b = -575 + 4571. List the prime factors of b.
2, 3, 37
Let g be (-1)/(16/(-48)*(3 + 0)). Suppose 0 = j - 1, 2*j = 5*l + 25